tors of o?
2
Suppose 394 = 6*u - 32. What are the prime factors of u?
71
Let a = -103 - -248. What are the prime factors of a?
5, 29
Suppose 242 = -3*a + 6*a + 4*z, 2*z + 286 = 4*a. List the prime factors of a.
2, 37
Suppose 10*i = -0*i + 1860. What are the prime factors of i?
2, 3, 31
Let q(f) = -2*f + 6. Let b be q(-5). Let i = b + -11. Suppose m + i*s = -14, -3 = 3*s + 12. List the prime factors of m.
11
Suppose 5*w = 4*r + 1 + 85, -2*r = 8. Suppose 4*o - w - 42 = 0. List the prime factors of 4/o - 47/(-7).
7
Suppose -7 = -2*j + 1. Suppose t + 21 = -3*r + 6*r, 2*r - 14 = -j*t. What are the prime factors of r?
7
Let w be (-6 - -6)/(3 + 0). Let l(n) = -n**2 - n + 16. Let a be l(w). Let x = a + -2. What are the prime factors of x?
2, 7
Let k(x) = 12*x + 1. Suppose u + 2 = 3*u. List the prime factors of k(u).
13
Let y(d) = 2*d + 3. Let n be y(-3). Let v be n*((-10)/(-6) + -1). What are the prime factors of 8 + 2 + 2 + v?
2, 5
Let m(b) = -b**2 - b. Let o be m(0). Suppose o*v + 2*v - 4 = 0. List the prime factors of -1 - -5 - v*1.
2
Let s = 17 + -9. Let f(a) = -a**2 + 9*a + 8. What are the prime factors of f(s)?
2
Let v = -1 - -3. Let b be (0/1)/(-1 + 2). Suppose v*j + 2*j - 48 = b. What are the prime factors of j?
2, 3
Suppose -3*h + 4*g = 219, 0*h = 4*h + 4*g + 320. What are the prime factors of (-11 - h)*(-2)/(-3)?
2, 11
Let v = 16 + 55. Suppose -3*f + 75 = 4*t + 2, -5*t + 3*f = -v. List the prime factors of t.
2
Suppose -v + 1 = 13. Let i(r) = r - 7. Let w be i(3). Let g = w - v. What are the prime factors of g?
2
Let a = 13 - 4. Let u = 4 + a. List the prime factors of u.
13
List the prime factors of 10/(-40) - (-3540)/16.
13, 17
Let z(p) = p + 0*p - 13 + 3*p - 3*p. Let o be z(13). Suppose -3*n + 56 = -d, o*d + d = -5*n + 104. List the prime factors of n.
2, 5
Suppose -7*n = -6*n - 39. List the prime factors of n.
3, 13
Suppose n = 5*y + 49, 3*n = -2*n + 4*y + 308. What are the prime factors of (54/(-8))/((-24)/n)?
2, 3
Suppose w - 50 = 5*r, 0*w = 4*w - r - 124. What are the prime factors of w?
2, 3, 5
Let w(v) = -2*v + 0*v + v - 4. Let g be w(-5). Suppose g = c, -2*t + 11 = 2*c - 31. What are the prime factors of t?
2, 5
Let i(d) = d - 1. Let s be (6/2)/((-3)/(-4)). What are the prime factors of i(s)?
3
List the prime factors of (-334)/(-22) - 10/55.
3, 5
Suppose 13 = 4*c - k - 0, 2*c - 2 = -4*k. Suppose -4*g = -0*g + c*q - 89, -4*q = 20. List the prime factors of g.
2, 13
Let z(n) = 60*n - 23. What are the prime factors of z(5)?
277
Suppose -u - 2*u = p + 14, 0 = p - u - 6. Let f = p + 5. Let a = f - 4. What are the prime factors of a?
2
Let g be 3 - ((-2 - -1) + 1). Suppose -4*p = 12, g*p - 7 + 31 = 5*u. Suppose 0 = 3*i - u*s - 30, -i - 57 = -6*i - 2*s. What are the prime factors of i?
11
Let u be (-3)/(-12) + (-34)/8. Let v = u + 11. Suppose i - v - 1 = 0. What are the prime factors of i?
2
Suppose 8*d - 596 = 4*d. List the prime factors of d.
149
Suppose 684 = 7*z - 4*z. List the prime factors of z.
2, 3, 19
Let h(w) = w**2 + 3*w + 1. Let m be h(-4). Suppose c = -m*u + u + 54, -4*c = 5*u - 62. What are the prime factors of u?
2, 7
Let i(q) be the second derivative of q**7/2520 + q**5/12 + q**4/12 + q. Let h(c) be the third derivative of i(c). List the prime factors of h(0).
2, 5
Suppose -1243 - 47 = -6*j. List the prime factors of j.
5, 43
Let v = 61 - -58. List the prime factors of v.
7, 17
List the prime factors of ((-35)/(-21))/(2/78).
5, 13
Let k = 20 - 10. Suppose -k = -2*m - 0. List the prime factors of m.
5
Let q(s) = 8*s**2 - 2*s - 2. Let u be q(2). List the prime factors of (-3 - -1)/(-4)*u.
13
Let w be (37 - -1) + (9 - 6). Let d = -13 + w. List the prime factors of d.
2, 7
Let c(x) = 20*x**2 + x - 1. Let n be c(1). Suppose -2*u + 3*j = -26, -n = -5*u - j + 28. What are the prime factors of u?
2, 5
Suppose -3*q - q = -32. Let w(y) be the third derivative of y**5/60 - y**4/4 + 7*y**3/6 + y**2. List the prime factors of w(q).
23
Suppose 4*z + 7 + 13 = 4*r, -5*r - 20 = 4*z. Let j be (-1)/z - 98/(-10). Suppose 5*g + j = 3*d - 27, 0 = -3*g - 6. List the prime factors of d.
3
Suppose -46*p + 48*p = 472. What are the prime factors of p?
2, 59
Let w(c) = c**2 - 2*c - 2. Let y = 1 + 8. Let b = y - 5. List the prime factors of w(b).
2, 3
Let c = -32 - -13. Let k be 122/4 + 3/(-6). Let n = k + c. List the prime factors of n.
11
Let c = 131 - -34. What are the prime factors of c?
3, 5, 11
Let s be (-2 + -7)*4/(-12). Suppose 4*b - s*g - 35 = 2*g, -5*b + 100 = 5*g. List the prime factors of b.
3, 5
Suppose 0 = -2*a + s + 194, 5*a = 3*s - 186 + 670. What are the prime factors of a?
2, 7
Suppose -5*c + b + b = -451, 3*c - 4*b = 265. What are the prime factors of c?
7, 13
Suppose -3*v - 3*t = -27, 0 = 2*v - 5*v - 5*t + 35. What are the prime factors of v?
5
Let u be 15/(-10)*496/(-6). Suppose -183 = -3*g - 5*d, 0*d + 4*d = -2*g + u. List the prime factors of g.
2, 7
Let y(m) = m**3 - 4*m**2 - 6*m + 2. Let v be y(4). Let t(n) = 2*n + 6. Let x(h) = -7*h - 23. Let b(d) = v*t(d) - 6*x(d). What are the prime factors of b(-7)?
2, 5
Let n be 114/27 + 2/(-9). Suppose -5*m - 4*j = -14 - 13, 2*m = -n*j + 6. List the prime factors of m.
7
Suppose -3*z = h - 162, -h - 182 = -5*z + 80. List the prime factors of z.
53
Let f(x) = -x**3 + 12*x**2 + 2*x - 12. What are the prime factors of f(12)?
2, 3
Let r(c) = 16*c - 2. Let k(o) = 33*o - 5. Let y(g) = -3*k(g) + 7*r(g). List the prime factors of y(2).
3
List the prime factors of 28/49 - 496/(-14).
2, 3
Suppose -4*j - 4 = 2*i - 16, 6 = -i + 4*j. Let p be i/(-4) + 21/2. Suppose f = -0*f + p. What are the prime factors of f?
2, 5
Suppose 7*q - 3*q = -20. Let k = 5 + q. Suppose k*y = -2*y + z + 19, -3*y - 3*z + 51 = 0. List the prime factors of y.
2, 3
Let g(y) = -8*y - 13. List the prime factors of g(-8).
3, 17
Suppose 0 = -3*h - 2*o + 197, -o + 0*o = 2*h - 133. List the prime factors of h.
3, 23
Suppose 5*v - 12 = 2*v. Suppose -l - 2*y = -4, l + y = -v*y + 7. What are the prime factors of (0 + 21 - l)*1?
19
Suppose -2*h + 2 - 5 = -s, 2 = -2*s. Let z be (-24)/9*3/h. Suppose -5*x = -3*x - z. What are the prime factors of x?
2
Let n(u) = u**2 + 2*u + 3. Let y be n(-2). Suppose -4*v + 9 = -j, y*j + 0*j = 2*v + 13. What are the prime factors of j?
7
Suppose -6*w - 4 = -5*w, 0 = 5*t - 4*w - 36. Let n(h) = h**2 + 2*h - 6. What are the prime factors of n(t)?
2, 3
Suppose -2*n + 192 = -3*d + 7*d, -2*n + 198 = -2*d. What are the prime factors of n?
2, 7
Let n = 1 + 2. Let x be 2 - -4*n/(-6). Let l(c) = -c**3 - c**2 - c + 15. List the prime factors of l(x).
3, 5
Let n be -2*(-3)/4*-2. List the prime factors of n - (3 - 1 - 29).
2, 3
Suppose 24 + 88 = 4*h. Let p be 4/14 + (-8)/h. Suppose 2*s = 10 - p. What are the prime factors of s?
5
Let c(g) = g**3 - 15*g**2 + 6*g - 14. What are the prime factors of c(15)?
2, 19
Let u(x) = x**2 + 9*x - 42. List the prime factors of u(-21).
2, 3, 5, 7
Let o be 1068/14 + 2/(-7). Let j = o - 54. Suppose 4*k - j = -5*g, -g + 10 = -k + 2. List the prime factors of g.
2, 3
Suppose 3*s - 472 = 623. Suppose 5*g = s - 95. Suppose 0 = -k + 4*k - g. List the prime factors of k.
2, 3
Let v = 8 + -15. Let o = v - -11. Let s = o + 6. What are the prime factors of s?
2, 5
Suppose 4*o + o - 19 = -y, 11 = 2*y + o. Suppose 8 + 36 = y*s. What are the prime factors of s?
11
Let t = 24 + 18. List the prime factors of (t/4)/3*4.
2, 7
Suppose -5*u = 2*z - 89, 3*u + 2*u - 5*z - 110 = 0. Let j = 27 - u. List the prime factors of j.
2
Suppose -3 = i - 4*k - 26, k = -3*i + 134. List the prime factors of i.
43
Let q be 965/20 - 1/4. Suppose -3*v + 7*v - q = 0. What are the prime factors of v?
2, 3
Let p = 35 - 19. What are the prime factors of p?
2
Let k = -1 + 1. Suppose s - 2*s - 22 = k. Let y = -11 - s. What are the prime factors of y?
11
Let s = 42 - 23. Let d = -10 + s. List the prime factors of d.
3
Suppose 0 = -5*i - 30 - 5. Let v = 9 - i. Suppose l - 5*l = -v. What are the prime factors of l?
2
List the prime factors of (-2070)/(-20) + 1/(-2).
103
Suppose 1 = 3*i + v, 0*i - 2*v + 2 = -2*i. Suppose i = -3*b + 5*u + 10 + 16, 5*u = 5*b - 60. What are the prime factors of b?
17
Suppose -11*g + 13*g = 54. What are the prime factors of g?
3
Let u(i) = -i**3 - i**2 + i + 1. Let v be u(-2). Suppose 3 = h - v. L